*b + 18749 = 2*j - 2*b, 4*j - 3*b - 37477 = 0. Suppose -11*x - 6*x + j = 0. Is x a prime number?
False
Let j = 100 - 96. Suppose -4*k - k + 5*y + 15810 = 0, j*k - 12636 = y. Is k composite?
True
Suppose -9*u = -13*u + 16, -u = 4*x - 124824. Suppose 12494 = 2*r - 0*d + d, 5*r - 5*d - x = 0. Is r prime?
False
Let g be 0/(40/15 - 6/9). Suppose u - 4 = -2*z, -5*u + 0*z + z - 35 = g. Is (-78)/(-52)*(-1156)/u a composite number?
True
Suppose 9*h = 13*h - 12. Suppose h*u - 27860 = d, -46434 = -u - 4*u + d. Is u a composite number?
True
Let a = 11 - 1. Let c(z) be the second derivative of 25*z**3/3 + 23*z**2/2 - 2*z - 42. Is c(a) composite?
False
Let g = 226 + -19. Suppose -v + 955 = 2*h, 0 = -v + h + 745 + g. Is v composite?
False
Let a(r) = -5*r**2 + 9*r - 12. Let g be a(4). Let o = g - 1059. Let v = 1912 + o. Is v prime?
True
Let u(g) = 36353*g**2 + 13*g + 87. Is u(-4) composite?
False
Let m = -2711 - -7886. Suppose -2*a + 3*c = a - m, 8613 = 5*a - 2*c. Is a a prime number?
True
Let u be (-1262)/(-2 - (-3)/1). Let v(r) = 4*r**3 + 23*r**2 + 17*r + 13. Let o be v(-6). Let b = o - u. Is b composite?
True
Let i(t) = 34*t**2 - t. Let k be i(1). Suppose -3*s + k + 24 = 0. Suppose 23*h - s*h - 2132 = 0. Is h a prime number?
False
Suppose 429*f - 15189727 = 12459752. Is f prime?
True
Suppose -4*s - 35 = -f, -7*s = -9*s + 10. Suppose x = -3*z + 1846, 0 = -f*x + 56*x - 4*z - 1825. Is x composite?
True
Let h(z) = z**3 - 13*z**2 + 25*z - 30. Let f be h(11). Suppose -2*b = v - 2227, 0 = 2*b + f*b - 20. Is v composite?
True
Suppose 0 = 5*r - 10, -54*r = 5*t - 49*r - 468945. Is t composite?
False
Suppose 264 = 4*r - 3*b, -b = -3*b. Let h be 1/(2*3/r). Suppose -7914 = h*j - 17*j. Is j a prime number?
True
Let t(u) be the second derivative of 25*u**4/12 + 5*u**3/3 + 5*u**2 + 5*u. Let g be t(5). Suppose -3*z = -f + g, 5*f = -4*z + 3149 + 200. Is f prime?
True
Let r be -8*((3 - 6) + 30/12). Suppose -5*m + 18807 = r*a, 5*m = -a + 3*a - 9411. Is a composite?
False
Is 3916896/14 - ((-500)/140)/5 a composite number?
False
Let m(z) = 1820*z + 5651. Is m(100) composite?
False
Suppose 11*q - 51 + 18 = 0. Suppose 2*m - 880 = i + 85, 0 = -q*m + 5*i + 1458. Is m a composite number?
True
Let g(f) = -2*f**3 - 11*f**2 + 11*f + 51. Let s be (-3 + 2 + 4)/(-1). Let p(m) = 3*m**3 + 10*m**2 - 12*m - 50. Let z(x) = s*p(x) - 4*g(x). Is z(11) prime?
False
Let q(s) = -s**3 - 34*s**2 + 56*s - 215. Is q(-48) prime?
False
Suppose -4*k = -3*d - k + 480372, 0 = -2*d + 8*k + 320218. Is d composite?
True
Suppose -12*p = -9*p - 39. Is 335/65 + -5 + 72993/p composite?
True
Let l(c) = 926 - 279 + 4*c + 587 + 1765. Is l(0) prime?
True
Suppose 13*l = 280187 + 12963. Suppose -4*h - 2*g + 42674 = 0, -l = 4*h - g - 65215. Is h a composite number?
False
Let l = -341 + 340. Is (1 - l)/((-56)/(-45836)) prime?
True
Let m = -990256 + 1534637. Is m prime?
False
Suppose -q = -2*x + 59, -33 = 3*x - 4*x - 3*q. Let y be (x/15 - (1 - 0)) + 3. Suppose y*u - 5*u = -835. Is u prime?
False
Suppose 1595*z - 1626*z + 8658517 = 0. Is z a prime number?
False
Let k(l) = 5*l**2 - 4. Let d be k(-2). Suppose 2*g + 17 = -w + 1, -d = 2*g - 3*w. Is -1899*(-4)/6*(-4)/g prime?
False
Suppose -102 - 118 = 2*u. Let t = u - -241. Let v = -22 + t. Is v a prime number?
True
Suppose 5*i - 43 = 7. Suppose 4*r + 5*m + i = 0, -2*m + 0 = 4. Suppose -5*a + 13*a - 11080 = r. Is a a prime number?
False
Let n = -115 + 112. Is n + (0 - (-6 + -1004)) composite?
True
Let l(o) = -4*o**3 - 4*o**2 + 12*o + 2. Let v be l(-9). Let n = v - -459. Suppose 5*c + g = 5*g + n, 4*c - 5*g - 2347 = 0. Is c composite?
False
Let k(f) be the first derivative of 2/3*f**3 + 3*f**2 + 9*f + 15. Is k(-10) a composite number?
False
Suppose 2*f - 5*a - 1 - 37 = 0, -5*f + 3*a = -114. Let b(r) = -r**3 + 25*r**2 - 26*r + 60. Let h be b(f). Let j = h - -115. Is j a prime number?
True
Let o be (963/(-2))/(18/108). Let f = -1526 - o. Is f prime?
False
Let q(i) = i**3 - 2*i**2 + i - 1. Let m be q(2). Let t(r) = -4*r**2 + 37*r - 7. Let f be t(9). Is ((-818)/(f + -4))/m a prime number?
True
Is (-3 - -2)*-4637397*19/57 composite?
False
Suppose 2*q - 16904 = 10*q. Let m = q + 6896. Is m a prime number?
True
Suppose -449520 - 32914 = -32*o + 30*o. Is o prime?
False
Suppose -2*y + 5*o + 1641366 = 0, 152*y - 5*o = 156*y - 3282672. Is y a composite number?
True
Let z(s) = -1 - 15 - 2*s**2 - 8 + 3*s + s**2. Let k be z(-10). Let m = k - -223. Is m composite?
True
Suppose 0*y = -5*y + 20. Let l(f) = -3*f**3 - 75*f**2 + 2*f + 52. Let a be l(-25). Suppose -y*d + 2 = -3*d, -i = -a*d - 177. Is i composite?
False
Let n = 1562 - -899. Let p = n - 1742. Is p a prime number?
True
Is 12215265/33 + (-24)/6*45/330 prime?
True
Let z = -46 - -46. Suppose 4*w - 92 + 76 = z. Is -1641*(3 + -4) - w*1 a composite number?
False
Suppose -5*j + 3*z + 34708 = -0*j, -2*j + 4*z = -13886. Is j prime?
False
Let b(p) = -2191*p**3 + 5*p**2 + 3*p + 11. Let z(j) = 2*j**2 + 3*j - 1010*j**3 - j - 86*j**3 - 28 + 33. Let x(r) = -2*b(r) + 5*z(r). Is x(-1) prime?
True
Suppose -5*t + 5644 = -4*o + 200, -4*t + 5440 = -4*o. Let i = o - -61. Let k = i + 3112. Is k prime?
False
Let s = 7422 - 2459. Let r = 8650 - s. Suppose 4*v - r - 2805 = 0. Is v prime?
False
Let u(r) be the third derivative of -8387*r**4/24 - 62*r**3/3 + 54*r**2. Is u(-7) a prime number?
False
Let q = -538 + 904. Let s = 615 - q. Let m = s + 854. Is m prime?
True
Let p(b) = 29*b**2 + 226*b + 277. Is p(-110) a prime number?
False
Let l(o) = -4*o - 48. Let n be l(-19). Let f(p) = -7 - 46 - 36*p + n*p + 91*p. Is f(8) a composite number?
True
Suppose 37 + 24 = h. Suppose -h*m + 222 = -59*m. Is m prime?
False
Let t = -50 + -73. Let g = 43 + t. Let c = g + 243. Is c a prime number?
True
Let f be 24/96 - (-11751)/4. Let u = f - -4731. Is u prime?
True
Suppose 71048 = 14*h - 15150. Suppose s + m = 3*m + 2045, -5*m = 3*s - h. Is s a prime number?
False
Suppose 126*n + 87537 = 129*n. Is n composite?
False
Let t(q) be the first derivative of 46*q**2 + 9*q - 179. Suppose 2*j - 3*j + 10 = 0. Is t(j) prime?
True
Let r be (8/(0 - -2) - 9) + 10. Suppose -5*f + 3*f - 2*d = -1510, -r*f + 2*d + 3747 = 0. Is f a composite number?
False
Let t = -33 - -41. Suppose -7*n + 29 = t. Suppose 5*j = -n*i + 2074, -3*i - 4*j = 2*i - 3435. Is i prime?
True
Suppose 241 = -8*w + 241. Suppose w = -0*y - 5*y + t + 14096, -8452 = -3*y - 5*t. Is y a prime number?
True
Suppose 3*b - 459 = -6*b. Suppose -6 + b = -3*z. Is 55/z*(-348)/4 a prime number?
False
Is ((-1)/(-2))/(2 - 385515/192758) prime?
False
Suppose -67*d = 22*a - 69*d - 7472558, 1358604 = 4*a + 5*d. Is a prime?
False
Suppose u = -2*n + 12392 + 102614, n - 57503 = u. Is n prime?
True
Let y be 3 - 2/4*-2. Is (29615/(-20))/(y/(-16)) composite?
False
Suppose 4*x = -15189 - 11371. Let g = x + 4667. Let o = -1228 - g. Is o composite?
True
Let y(v) be the third derivative of 13*v**5/20 - 5*v**4/24 - 5*v**3/6 - 18*v**2. Is y(-3) a composite number?
True
Is (50/(-8) - -5) + 4916961/68 a composite number?
False
Let m be 26*(3 - 764)*(-4)/(-4). Let d = -6905 - m. Is d composite?
True
Let k = -15826 + 26787. Is k a composite number?
True
Let q be (-3)/(-6) + 3/(6/5279). Suppose 5*m - 1715 = q. Suppose -3*r - 2*v = -4*r + m, -1769 = -2*r - 5*v. Is r a prime number?
True
Let c(f) = -f**3 - 108*f**2 + 4*f + 221903. Is c(0) composite?
True
Suppose -5*j - 398543 = -5*v - 1089758, 2*j = v + 276487. Suppose -49135 = 9*n - j. Is n prime?
True
Let h(v) = -v**2 + 10*v - 3. Let p be h(7). Suppose 0 = -w + 4*z + 4249, -p*w = -13*w - 5*z - 21200. Is w composite?
True
Let o(l) = 94*l**2 + 4*l - 16. Let c be o(-6). Suppose 16699 = 5*p + 2*r, p - 11*r = -10*r + c. Is p a composite number?
True
Let u(n) be the second derivative of -19*n**5/20 - n**4/6 + 13*n**3/6 + 7*n**2/2 + n - 8. Is u(-5) composite?
False
Suppose 0*x - 16 = -2*h + 4*x, 2*h + 2*x - 28 = 0. Suppose h = 3*n, -9*m + 2*n + 552 = -4*m. Suppose m = -4*i - 2*p + 1398, 0 = 4*p + 12. Is i composite?
True
Let h be ((-1)/1 + -2)/((-9)/6). Let p(w) = 3042*w + 17. Is p(h) prime?
True
Let x(a) = 6*a**3 - 70*a**2 - 72*a - 199. Is x(34) prime?
False
Let l be 132/(-8) + (-9)/(-6). Let h be ((-314)/(-6))/(l/675). Is (2/6)/((-5)/h) prime?
True
Suppose -q + 690683 = 12*m, 8*m - q - 57558 = 7*m. Is m composite?
